
True
Is 377537 composite?
False
Is 6086623 prime?
True
Is 19176659 a prime number?
False
Is 66839383 prime?
False
Is 1615529 prime?
True
Is 4860957 a prime number?
False
Is 1126571 a prime number?
False
Is 5318647 a prime number?
True
Is 23870411 prime?
True
Is 85072147 prime?
False
Is 138768387 a composite number?
True
Is 5063431 prime?
True
Is 7733777 prime?
False
Is 3725179 a prime number?
True
Is 538946333 prime?
True
Is 68699527 a prime number?
False
Is 15615251 a prime number?
True
Is 365108687 prime?
True
Is 12785027 composite?
True
Is 125244281 a prime number?
False
Is 7749487 prime?
True
Is 58681211 prime?
False
Is 7902223 prime?
False
Is 139129285 prime?
False
Is 16775009 a composite number?
False
Is 7718894 a prime number?
False
Is 1230629 composite?
False
Is 5561579 composite?
False
Is 104206 a prime number?
False
Is 99120121 composite?
False
Is 73834619 a composite number?
False
Is 323333 a composite number?
False
Is 6566207 a prime number?
False
Is 11102837 prime?
True
Is 3044149 prime?
False
Is 60499111 a prime number?
True
Is 332676781 composite?
True
Is 109920551 a prime number?
False
Is 41806643 composite?
False
Is 14234551 prime?
True
Is 19372999 a prime number?
False
Is 88461749 a prime number?
False
Is 439474171 composite?
False
Is 39870877 a prime number?
True
Is 6696451 prime?
True
Is 24326449 a composite number?
True
Is 170579 a composite number?
False
Is 11482153 prime?
True
Is 27913681 prime?
True
Is 6396109 composite?
True
Is 5095523 a prime number?
True
Is 87995581 a prime number?
True
Is 5265991 prime?
False
Is 11058137 prime?
False
Is 423331187 a prime number?
True
Is 2236561 composite?
True
Is 372633727 composite?
True
Is 16099069 a prime number?
False
Is 701471 a prime number?
False
Is 150885601 a composite number?
False
Is 661799 a prime number?
False
Is 1292717 a prime number?
True
Is 109674883 a prime number?
True
Is 5822821 composite?
False
Is 3346817 a composite number?
False
Is 20197063 a composite number?
True
Is 1620979 a prime number?
False
Is 1496701 a prime number?
False
Is 380381 composite?
True
Is 44053315 composite?
True
Is 674033669 a prime number?
True
Is 195416651 a prime number?
True
Is 202706398 a composite number?
True
Is 398803817 a prime number?
True
Is 11107867 prime?
True
Is 8888111 a prime number?
False
Is 3498697 prime?
True
Is 10429819 prime?
False
Is 3718553 prime?
True
Is 31070429 a prime number?
False
Is 16602419 composite?
False
Is 8844833 composite?
True
Is 394433 prime?
False
Is 1814909 composite?
False
Is 3180119 a prime number?
False
Is 62963643 a prime number?
False
Is 54222081 composite?
True
Is 50475811 a prime number?
True
Is 2407399 a prime number?
True
Is 245914039 composite?
True
Is 31095123 prime?
False
Is 5183393 composite?
False
Is 66616237 a composite number?
True
Is 6150577 composite?
False
Is 10215057 composite?
True
Is 739265 composite?
True
Is 53057209 a composite number?
False
Is 38489689 a prime number?
False
Is 14369242 composite?
True
Is 40813169 a prime number?
True
Is 39788129 composite?
False
Is 351413 a composite number?
False
Is 21105941 composite?
True
Is 26553973 a composite number?
False
Is 2981981 a prime number?
True
Is 262887641 a prime number?
True
Is 118018471 a prime number?
False
Is 405282503 a composite number?
True
Is 3831041 composite?
True
Is 43573 composite?
False
Is 3715391 composite?
True
Is 5602793 a composite number?
True
Is 2356451 a composite number?
False
Is 2757757 composite?
True
Is 74379343 composite?
False
Is 1247317 a prime number?
True
Is 7717313 composite?
False
Is 29789 a composite number?
False
Is 40532461 a prime number?
True
Is 8978273 a composite number?
False
Is 139818043 a prime number?
True
Is 73282477 a composite number?
False
Is 6816301 composite?
False
Is 4911961 a composite number?
False
Is 1089793 composite?
False
Is 45948733 prime?
False
Is 134673107 a prime number?
True
Is 2331323 a composite number?
False
Is 2500297 composite?
False
Is 3351763 a composite number?
False
Is 13876557 composite?
True
Is 1709077 composite?
False
Is 1926173 prime?
False
Is 115049 prime?
False
Is 23786047 a prime number?
False
Is 114581 composite?
True
Is 182191337 a prime number?
False
Is 1656997 a prime number?
True
Is 17469611 composite?
False
Is 5210591 a composite number?
False
Is 56931757 composite?
True
Is 1728317 a composite number?
False
Is 213242077 composite?
False
Is 4925603 prime?
True
Is 100425329 a composite number?
True
Is 22917149 a composite number?
True
Is 3656635 a composite number?
True
Is 1799321 composite?
True
Is 10615063 a prime number?
False
Is 16411259 composite?
True
Is 348447271 a prime number?
True
Is 51550391 composite?
False
Is 2425127 a composite number?
True
Is 2903903 prime?
False
Is 331517293 composite?
True
Is 2995271 a composite number?
False
Is 379609469 composite?
False
Is 627998183 a prime number?
False
Is 36266569 prime?
True
Is 101464241 composite?
False
Is 5429029 composite?
True
Is 2366285 a composite number?
True
Is 12254983 composite?
True
Is 2178659 a composite number?
True
Is 7212479 a composite number?
True
Is 15536179 composite?
True
Is 5601107 prime?
True
Is 1491761 prime?
True
Is 1212989 a composite number?
False
Is 1326197 a prime number?
True
Is 1882913 composite?
True
Is 134427947 a composite number?
False
Is 38656651 prime?
False
Is 225093223 composite?
False
Is 28231153 composite?
False
Is 20276143 a prime number?
False
Is 22584119 composite?
False
Is 12295051 composite?
False
Is 25728943 a prime number?
False
Is 388473 composite?
True
Is 922193 prime?
False
Is 2825149 a composite number?
False
Is 6258029 a prime number?
True
Is 1104793 a prime number?
False
Is 8064487 composite?
True
Is 254004287 composite?
False
Is 4572463 a composite number?
True
Is 1100704513 prime?
True
Is 33128201 a composite number?
False
Is 11538811 a composite number?
False
Is 169222733 a prime number?
True
Is 14742659 a composite number?
False
Is 200387 a prime number?
False
Is 89834601 prime?
False
Is 6343723 prime?
True
Is 3158819 prime?
True
Is 4012621 a prime number?
True
Is 34732354 prime?
False
Is 5768941 prime?
False
Is 49173619 composite?
True
Is 56247515 a prime number?
False
Is 208043239 a composite number?
False
Is 1960769 composite?
False
Is 266460811 prime?
True
Is 2404694 composite?
True
Is 3357299 prime?
False
Is 5289167 a composite number?
True
Is 150763453 composite?
False
Is 37877813 a composite number?
False
Is 1776067 a prime number?
True
Is 995666473 a composite number?
False
Is 1127717 a composite number?
True
Is 368777 composite?
True
Is 21624223 a prime number?
False
Is 335021 prime?
True
Is 115076239 prime?
True
Is 1120381 a composite number?
True
Is 37455835 prime?
False
Is 228077 composite?
False
Is 31627 a composite number?
False
Is 11757491 a composite number?
True
Is 5966861 a composite number?
False
Is 122716483 composite?
True
Is 1836911 composite?
False
Is 11418401 a composite number?
False
Is 55177543 composite?
True
Is 7690483 prime?
True
Is 28057111 composite?
True
Is 8267191 prime?
False
Is 98813003 composite?
False
Is 6443215 a composite number?
True
Is 1198921 a composite number?
True
Is 570211 a composite number?
True
Is 1850129 composite?
False
Is 5244139 composite?
False
Is 172639427 a prime number?
False
Is 3403733 a composite number?
False
Is 498851 composite?
True
Is 4191801 prime?
False
Is 11751218 composite?
True
Is 8410071 prime?
False
Is 70117601 a composite number?
False
Is 13014403 composite?
False
Is 236119057 a prime number?
True
Is 117828803 a composite number?
False
Is 149684651 a composite number?
True
Is 1224077 a composite number?
False
Is 9339983 a prime number?
False
Is 4484611 a composite number?
False
Is 15016943 prime?
True
Is 124966927 composite?
False
Is 16948819 prime?
True
Is 3698074 prime?
False
Is 506458 a prime number?
False
Is 170080033 prime?
True
Is 3977317 a prime number?
True
Is 47806763 a composite number?
False
Is 640331 a prime number?
False
Is 2315471 prime?
True
Is 235994419 a composite number?
True
Is 4775429 composite?
True
Is 107169341 prime?
False
Is 168722149 a prime number?
False
Is 698679817 composite?
True
Is 1262669 composite?
False
Is 38397563 a prime number?
False
Is 552722329 prime?
False
Is 22005673 com